r of 277498606?
True
Is 22548763 a multiple of 19?
True
Is 15 a factor of 571155754?
False
Is 15 a factor of 14232670?
False
Is 148 a factor of 216753869?
False
Is 8553286 a multiple of 14?
True
Is 334 a factor of 233725852?
True
Is 14 a factor of 1728394?
False
Is 147 a factor of 115706346?
True
Does 93 divide 33550029?
True
Is 304140438 a multiple of 135?
False
Does 24 divide 9942659?
False
Does 964 divide 484808132?
True
Is 17162442 a multiple of 891?
True
Does 1122 divide 258910476?
True
Is 74 a factor of 29963044?
True
Is 243338009 a multiple of 149?
True
Does 44 divide 260208564?
True
Is 215 a factor of 12474945?
True
Does 810 divide 348065524?
False
Is 31 a factor of 264978855?
True
Is 53908210 a multiple of 875?
False
Is 191499085 a multiple of 5?
True
Does 15 divide 27632475?
True
Is 22384598 a multiple of 46?
False
Does 7 divide 157127117?
True
Is 51 a factor of 43661785?
False
Is 838655954 a multiple of 22?
False
Does 50 divide 436844000?
True
Is 560 a factor of 7451623?
False
Is 4757 a factor of 39763763?
True
Is 790 a factor of 28259227?
False
Does 20 divide 86325100?
True
Does 1465 divide 125924837?
False
Is 63236424 a multiple of 569?
False
Does 1710 divide 58187233?
False
Is 376 a factor of 104677993?
False
Is 235 a factor of 26921511?
False
Does 27 divide 113956465?
False
Is 210802056 a multiple of 235?
False
Is 16 a factor of 748770529?
False
Is 80522608 a multiple of 2996?
False
Is 1540 a factor of 2786507840?
False
Is 19759520 a multiple of 656?
False
Is 49403288 a multiple of 551?
False
Is 5306800 a multiple of 4?
True
Does 96 divide 1030448640?
True
Is 1173209642 a multiple of 251?
True
Is 1856400233 a multiple of 23?
False
Does 855 divide 3913399980?
True
Is 717 a factor of 4275490006?
False
Is 3744252254 a multiple of 134?
True
Does 9 divide 33962742?
True
Is 20163420 a multiple of 2010?
False
Does 1733 divide 39326317?
False
Is 299 a factor of 151784958?
True
Does 1880 divide 55584080?
True
Is 678 a factor of 746987856?
True
Is 670022188 a multiple of 735?
False
Is 4684500 a multiple of 279?
False
Does 487 divide 938505825?
False
Is 129640395 a multiple of 57?
False
Does 13 divide 70651652?
False
Does 5047 divide 267615649?
False
Is 17 a factor of 79553948?
True
Does 40 divide 125779594?
False
Is 72 a factor of 39877884?
False
Is 185 a factor of 466223884?
False
Is 8 a factor of 419968808?
True
Is 357403384 a multiple of 2442?
False
Is 6 a factor of 374809?
False
Does 41 divide 91528479?
False
Is 882 a factor of 5297000?
False
Is 456225958 a multiple of 1153?
True
Is 16579760 a multiple of 334?
True
Is 533314155 a multiple of 121?
True
Does 4905 divide 2265457267?
False
Does 103 divide 1310565432?
False
Is 2246274267 a multiple of 5946?
False
Does 27 divide 17144783?
False
Does 43 divide 948866681?
True
Is 774 a factor of 493120044?
True
Does 704 divide 2033002752?
True
Is 88 a factor of 60660424?
True
Is 212916261 a multiple of 22?
False
Is 54279929 a multiple of 11?
True
Is 35 a factor of 137725508?
False
Is 6 a factor of 30029694?
True
Does 112 divide 181980205?
False
Does 103 divide 1367837069?
False
Does 3 divide 10694205?
True
Does 36 divide 109926216?
True
Is 46254324 a multiple of 7?
False
Is 1441800 a multiple of 75?
True
Is 877 a factor of 3197464?
False
Does 89 divide 713648491?
False
Is 4154 a factor of 255013247?
False
Does 3532 divide 307418216?
True
Is 509 a factor of 522624675?
False
Does 80 divide 21798213?
False
Does 7246 divide 1808746520?
True
Is 202 a factor of 1238462?
True
Does 127 divide 271319770?
False
Is 8762251 a multiple of 17?
False
Does 608 divide 6288544?
True
Does 408 divide 6182424?
True
Is 5950007701 a multiple of 253?
True
Is 29 a factor of 38040634?
True
Is 833888606 a multiple of 38?
True
Is 33 a factor of 115753110?
True
Is 1225 a factor of 33263650?
True
Does 2 divide 9188361?
False
Does 54 divide 1647175315?
False
Does 99 divide 11770013?
False
Does 84 divide 359035656?
True
Does 313 divide 283907075?
False
Is 62 a factor of 477850492?
True
Does 16 divide 66157824?
True
Is 23867822 a multiple of 94?
True
Does 11 divide 44628168?
False
Is 18 a factor of 1699185986?
False
Does 16 divide 77903728?
True
Does 7498 divide 1307156332?
True
Does 6083 divide 689349892?
True
Is 29835976 a multiple of 292?
True
Does 152 divide 710893445?
False
Is 213749387 a multiple of 1016?
False
Is 15 a factor of 2418805?
False
Does 1122 divide 595766292?
True
Is 771720100 a multiple of 340?
True
Does 34 divide 208113051?
False
Is 59 a factor of 124144220?
False
Is 1970 a factor of 938917552?
False
Is 261370699 a multiple of 2159?
True
Is 2489982 a multiple of 33?
True
Does 2130 divide 4271009970?
True
Is 57509964 a multiple of 57?
False
Is 21 a factor of 3892040229?
True
Is 209739610 a multiple of 466?
True
Is 136967247 a multiple of 1011?
True
Does 87 divide 4397589?
True
Is 154 a factor of 24082616?
False
Does 7675 divide 3004110868?
False
Is 99712716 a multiple of 738?
False
Does 12 divide 1719264?
True
Does 618 divide 62691447?
False
Is 45583673 even?
False
Does 2 divide 6111842?
True
Does 22 divide 110037488?
True
Is 1329 a factor of 116810726?
False
Is 2177117192 a multiple of 823?
False
Is 26 a factor of 92491568?
True
Is 32 a factor of 34887648?
True
Is 516 a factor of 355853724?
True
Does 35 divide 19632060?
True
Is 12 a factor of 403387896?
True
Is 2050638821 a multiple of 17?
True
Is 68844020 a multiple of 490?
True
Does 286 divide 307186308?
True
Is 286 a factor of 1194304593?
False
Does 127 divide 6360896?
False
Is 80 a factor of 155385271?
False
Does 98 divide 23102234?
False
Does 223 divide 273189495?
True
Is 74077980 a multiple of 820?
True
Is 85 a factor of 47815847?
False
Is 8605077195 a multiple of 1111?
False
Does 30 divide 3770535930?
True
Is 1374279389 a multiple of 25?
False
Does 156 divide 98336004?
True
Is 3 a factor of 2471542?
False
Is 44 a factor of 26859964?
False
Is 173010920 a multiple of 5?
True
Does 181 divide 354758394?
False
Is 143082290 a multiple of 92?
False
Is 1278873960 a multiple of 2490?
True
Does 608 divide 26024827?
False
Is 2010 a factor of 15322230?
True
Is 15 a factor of 329760584?
False
Is 736 a factor of 321841024?
True
Is 296 a factor of 56951880?
True
Is 39877987 a multiple of 169?
False
Is 100546952 a multiple of 1133?
True
Is 20 a factor of 1879131504?
False
Is 41 a factor of 17860502?
True
Does 19 divide 188135340?
True
Is 14 a factor of 78688862?
True
Is 863 a factor of 91707558?
True
Is 34120700 a multiple of 69?
False
Is 5 a factor of 218200900?
True
Is 431634056 a multiple of 7?
True
Is 10 a factor of 30050189?
False
Is 370 a factor of 141119110?
True
Is 1800 a factor of 179629200?
True
Does 3 divide 5041461?
True
Is 292560752 a multiple of 706?
True
Does 22 divide 578234712?
True
Is 95 a factor of 8715794?
False
Is 6795455 a multiple of 1092?
False
Is 227783628 a multiple of 18?
True
Is 2432 a factor of 82279424?
True
Is 170193100 a multiple of 1012?
True
Is 8 a factor of 300627389?
False
Is 14 a factor of 53335254?
True
Is 126 a factor of 15144983?
False
Is 220248764 a multiple of 724?
True
Does 17 divide 445236477?
True
Is 153560123 a multiple of 462?
False
Is 571385254 a multiple of 6564?
False
Does 41 divide 263447915?
False
Does 19 divide 104011130?
True
Is 15 a factor of 389759625?
True
Is 67548000 a multiple of 60?
True
Is 228227320 a multiple of 439?
True
Is 10846362 a multiple of 12?
False
Does 12 divide 19814496?
True
Does 9970 divide 2141506150?
True
Is 25590600 a multiple of 15?
True
Is 6 a factor of 42488398?
False
Does 84 divide 64532886?
False
Does 21 divide 252172325?
False
Is 39774020 a multiple of 4?
True
Is 39633630 a multiple of 30?
True
Is 64112278 a multiple of 16?
False
Is 109206853 a multiple of 1527?
False
Is 698 a factor of 1495285371?
False
Does 69 divide 24579042?
True
Does 269 divide 25432605?
True
Is 94 a factor of 13060420?
False
Is 4127 a factor of 660901907?
True
Does 194 divide 84153708?
True
Is 165 a factor of 121480095?
True
Is 557 a factor of 699086801?
True
Is 1281 a factor of 124432497?
True
Is 142992562 a multiple of 58?
True
Does 107 divide 51795781?
False
Does 191 divide 410705963?
True
Does 9 divide 1906181874?
True
Does 16 divide 705645282?
False
Does 2 divide 47547485?
False
Does 26 divide 32900